when 129918 is divided by 160.
158
Calculate the remainder when 5218 is divided by 78.
70
What is the remainder when 4662 is divided by 130?
112
Calculate the remainder when 951 is divided by 93.
21
What is the remainder when 672878 is divided by 74?
70
Calculate the remainder when 578 is divided by 9.
2
Calculate the remainder when 6413 is divided by 160.
13
Calculate the remainder when 72087 is divided by 269.
264
What is the remainder when 22841 is divided by 58?
47
What is the remainder when 438506 is divided by 29?
26
Calculate the remainder when 40438 is divided by 3664.
134
Calculate the remainder when 206277 is divided by 21.
15
Calculate the remainder when 26618 is divided by 2660.
18
What is the remainder when 172838 is divided by 1122?
50
What is the remainder when 24214 is divided by 197?
180
What is the remainder when 7954 is divided by 143?
89
Calculate the remainder when 37160 is divided by 1346.
818
Calculate the remainder when 2372 is divided by 49.
20
Calculate the remainder when 100275 is divided by 212.
211
Calculate the remainder when 89135 is divided by 12.
11
What is the remainder when 5117 is divided by 188?
41
What is the remainder when 4916 is divided by 22?
10
What is the remainder when 415746 is divided by 4724?
34
Calculate the remainder when 928642 is divided by 24.
10
What is the remainder when 12435 is divided by 510?
195
What is the remainder when 27849 is divided by 13783?
283
What is the remainder when 7093630 is divided by 56?
54
Calculate the remainder when 91129 is divided by 62.
51
What is the remainder when 413340 is divided by 68888?
12
What is the remainder when 36451 is divided by 12111?
118
What is the remainder when 700 is divided by 188?
136
What is the remainder when 43210 is divided by 281?
217
Calculate the remainder when 43567 is divided by 1361.
15
What is the remainder when 29789 is divided by 160?
29
Calculate the remainder when 399766 is divided by 24.
22
What is the remainder when 2176 is divided by 230?
106
Calculate the remainder when 6800 is divided by 2254.
38
Calculate the remainder when 5609 is divided by 54.
47
Calculate the remainder when 1279 is divided by 190.
139
Calculate the remainder when 4380 is divided by 104.
12
What is the remainder when 113902 is divided by 20?
2
Calculate the remainder when 18222 is divided by 294.
288
What is the remainder when 24612 is divided by 200?
12
Calculate the remainder when 13064 is divided by 778.
616
Calculate the remainder when 11918 is divided by 736.
142
What is the remainder when 375404 is divided by 792?
788
What is the remainder when 28211 is divided by 337?
240
What is the remainder when 1077933 is divided by 359311?
0
What is the remainder when 40868 is divided by 1345?
518
Calculate the remainder when 45549 is divided by 1819.
74
Calculate the remainder when 597491 is divided by 247.
245
Calculate the remainder when 7618 is divided by 35.
23
Calculate the remainder when 337390 is divided by 1035.
1015
Calculate the remainder when 12667 is divided by 12.
7
What is the remainder when 715 is divided by 372?
343
What is the remainder when 252442 is divided by 225?
217
Calculate the remainder when 5307771 is divided by 867.
864
What is the remainder when 5856 is divided by 242?
48
What is the remainder when 1771 is divided by 368?
299
What is the remainder when 69766 is divided by 153?
151
Calculate the remainder when 83804 is divided by 911.
903
Calculate the remainder when 31726 is divided by 7911.
82
What is the remainder when 25240 is divided by 302?
174
Calculate the remainder when 18640 is divided by 198.
28
Calculate the remainder when 2317 is divided by 2268.
49
What is the remainder when 27932 is divided by 166?
44
Calculate the remainder when 49905 is divided by 115.
110
What is the remainder when 170483 is divided by 287?
5
Calculate the remainder when 2199 is divided by 1039.
121
What is the remainder when 20235 is divided by 336?
75
What is the remainder when 7936 is divided by 992?
0
Calculate the remainder when 3678 is divided by 14.
10
What is the remainder when 5217 is divided by 9?
6
What is the remainder when 1622 is divided by 197?
46
Calculate the remainder when 21833 is divided by 87.
83
What is the remainder when 128550 is divided by 285?
15
Calculate the remainder when 6495 is divided by 1518.
423
What is the remainder when 1412 is divided by 20?
12
Calculate the remainder when 2338 is divided by 23.
15
Calculate the remainder when 353751 is divided by 52.
47
What is the remainder when 21047 is divided by 112?
103
What is the remainder when 5653 is divided by 468?
37
What is the remainder when 348708 is divided by 1447?
1428
What is the remainder when 1035 is divided by 27?
9
What is the remainder when 13774 is divided by 1?
0
Calculate the remainder when 2557 is divided by 2428.
129
Calculate the remainder when 365452 is divided by 1510.
32
Calculate the remainder when 242544 is divided by 895.
894
What is the remainder when 58656 is divided by 6517?
3
Calculate the remainder when 52415 is divided by 227.
205
Calculate the remainder when 94589 is divided by 32.
29
What is the remainder when 122652 is divided by 39?
36
What is the remainder when 6756 is divided by 41?
32
Calculate the remainder when 37800 is divided by 232.
216
Calculate the remainder when 194669 is divided by 24.
5
Calculate the remainder when 2932 is divided by 424.
388
Calculate the remainder when 4637 is divided by 129.
122
Calculate the remainder when 6887 is divided by 92.
79
What is the remainder when 19105 is divided by 63?
16
What is the remainder when 138696 is divided by 13?
12
Calculate the remainder when 240906 is divided by 120453.
0
Calculate the remainder when 39069 is divided by 400.
269
What is the remainder when 12327 is divided by 1235?
1212
Calculate the remainder when 36820 is divided by 6135.
10
What is the remainder when 22880 is divided by 85?
15
Calculate the remainder when 3802 is divided by 1243.
73
Calculate the remainder when 2474 is divided by 2082.
392
What is the remainder when 2063 is divided by 1848?
215
Calculate the remainder when 1819347 is divided by 46.
1
Calculate the remainder when 558537 is divided by 806.
785
Calculate the remainder when 2570 is divided by 635.
30
What is the remainder when 4737 is divided by 42?
33
Calculate the remainder when 16397 is divided by 144.
125
Calculate the remainder when 31118 is divided by 15529.
60
Calculate the remainder when 1601 is divided by 7.
5
Calculate the remainder when 79089 is divided by 10.
9
What is the remainder when 5512 is divided by 613?
608
Calculate the remainder when 471405 is divided by 366.
363
What is the remainder when 7544 is divided by 1252?
32
What is the remainder when 5137 is divided by 231?
55
What is the remainder when 542 is divided by 262?
18
Calculate the remainder when 1909 is divided by 128.
117
What is the remainder when 620022 is divided by 19?
14
What is the remainder when 29677 is divided by 29668?
9
What is the remainder when 118362 is divided by 29582?
34
Calculate the remainder when 14664 is divided by 3659.
28
Calculate the remainder when 165491 is divided by 41372.
3
What is the remainder when 26100 is divided by 6524?
4
What is the remainder when 15503 is divided by 35?
33
Calculate the remainder when 15425 is divided by 21.
11
What is the remainder when 21045 is divided by 289?
237
Calculate the remainder when 5757 is divided by 1650.
807
What is the remainder when 240421 is divided by 1705?
16
What is the remainder when 1758 is divided by 49?
43
What is the remainder when 166319 is divided by 86?
81
What is the remainder when 108825 is divided by 1876?
17
What is the remainder when 9709 is divided by 2425?
9
What is the remainder when 3263 is divided by 139?
66
What is the remainder when 523 is divided by 98?
33
Calculate the remainder when 544473 is divided by 751.
749
What is the remainder when 94088 is divided by 667?
41
What is the remainder when 2795538 is divided by 123?
117
Calculate the remainder when 154594 is divided by 125.
94
What is the remainder when 165371 is divided by 25?
21
What is the remainder when 9092 is divided by 25?
17
What is the remainder when 4745 is divided by 300?
245
What is the remainder